{"id":278069,"date":"2025-08-08T22:53:23","date_gmt":"2025-08-08T15:53:23","guid":{"rendered":"https:\/\/maybommini.com\/?post_type=product&#038;p=278069"},"modified":"2025-08-11T04:22:53","modified_gmt":"2025-08-10T21:22:53","slug":"pin-sac-21v-5-2ah-5s2p-10a-mtm-kem-sac","status":"publish","type":"product","link":"https:\/\/maybommini.vn\/?product=pin-sac-21v-5-2ah-5s2p-10a-mtm-kem-sac","title":{"rendered":"Pin s\u1ea1c 21V 5.2Ah 5S2P 10A MTM k\u00e8m s\u1ea1c"},"content":{"rendered":"<p><em><strong>Pin s\u1ea1c 21V 5.2Ah 5S2P 10A MTM k\u00e8m s\u1ea1c s\u1eed d\u1ee5ng Loa, m\u1ea1ch loa Ampi, pin ch\u1ea1y motor, pin qu\u1ea1t, pin m\u00e1y b\u01a1m mini, pin loa k\u00e9o, pin motor, pin thi\u1ebft b\u1ecb \u0111i\u1ec7n t\u1ef1 \u0111\u1ed9ng, pin \u0111\u00e8n led, pin s\u1ea1c \u0111\u1ed3 ch\u01a1i, pin d\u1ef1 ph\u00f2ng cho thi\u1ebft b\u1ecb. Pin c\u00f3 tu\u1ed5i th\u1ecd cao ch\u1ea5t l\u01b0\u1ee3ng \u0111\u01b0\u1ee3c kh\u00e1ch h\u00e0ng tin d\u00f9ng v\u00ec \u1ed5n \u0111\u1ecbnh d\u00f2ng ch\u1ecbu t\u1ea3i kh\u1ecfe v\u00e0 nh\u1ecf g\u1ecdn r\u1ea5t ti\u1ec7n l\u1ee3i khi s\u1eed d\u1ee5ng. Ch\u00fang t\u00f4i c\u00f3 nh\u1eadn l\u00e0m pin gh\u00e9p pin thay pin thi\u1ebft b\u1ecb theo y\u00eau c\u1ea7u kh\u00e1ch h\u00e0ng g\u1ea7n xa v\u1edbi gi\u00e1 t\u1ed1t.<\/strong><\/em><\/p>\n<p><strong><a href=\"https:\/\/maybommini.com\/wp-content\/uploads\/2025\/08\/Khoi-pin-21V-5200mAh-10A-5S2P-MTM-kem-sac.jpg\" target=\"_blank\" rel=\"noopener\"><img decoding=\"async\" class=\"size-full wp-image-278067 aligncenter\" src=\"https:\/\/maybommini.com\/wp-content\/uploads\/2025\/08\/Khoi-pin-21V-5200mAh-10A-5S2P-MTM-kem-sac.jpg\" alt=\"Khoi Pin 21V 5200mAh 10A 5S2P MTM Kem Sac\" width=\"750\" height=\"750\" srcset=\"https:\/\/maybommini.vn\/wp-content\/uploads\/2025\/08\/Khoi-pin-21V-5200mAh-10A-5S2P-MTM-kem-sac.jpg 750w, https:\/\/maybommini.vn\/wp-content\/uploads\/2025\/08\/Khoi-pin-21V-5200mAh-10A-5S2P-MTM-kem-sac-300x300.jpg 300w, https:\/\/maybommini.vn\/wp-content\/uploads\/2025\/08\/Khoi-pin-21V-5200mAh-10A-5S2P-MTM-kem-sac-150x150.jpg 150w, https:\/\/maybommini.vn\/wp-content\/uploads\/2025\/08\/Khoi-pin-21V-5200mAh-10A-5S2P-MTM-kem-sac-600x600.jpg 600w\" sizes=\"(max-width: 750px) 100vw, 750px\" \/><\/a>TH\u00d4NG S\u1ed0 K\u1ef8 THU\u1eacT<br \/>\n<\/strong>Th\u01b0\u01a1ng hi\u1ec7u: MTM<br \/>\nModel: 21V-10A-5S2P-52<br \/>\n\u0110i\u1ec7n th\u1ebf \u0111\u1ecbnh danh: 21V DC<br \/>\n\u0110i\u1ec7n th\u1ebf ra: 16V &#8211; 21V DC<br \/>\n\u0110i\u1ec7n th\u1ebf s\u1ea1c v\u00e0o: 21V 1A &#8211; 3A DC<br \/>\nDung l\u01b0\u1ee3ng: 5.2Ah \u2013 5.200mAh<br \/>\nD\u00f2ng l\u00e0m vi\u1ec7c li\u00ean t\u1ee5c: 5A<br \/>\nD\u00f2ng \u0111i\u1ec7n t\u1ee9c th\u1eddi t\u1ed1i \u0111a: 10A<br \/>\nLo\u1ea1i cell pin s\u1ea1c Lithium-ion 18650<br \/>\nCell pin m\u1edbi ch\u00ednh h\u00e3ng.<br \/>\nKi\u1ec3u gh\u00e9p 5S<br \/>\nD\u00e2y ngu\u1ed3n: \u0110\u1ecf (+) \u0110en (-)<br \/>\nT\u00edch h\u1ee3p m\u1ea1ch b\u1ea3o v\u1ec7 v\u00e0 c\u00e2n b\u1eb1ng th\u00f4ng minh.<br \/>\nB\u1ea3o v\u1ec7 ch\u1ed1ng qu\u00e1 t\u1ea3i v\u00e0 s\u1ea1c c\u00e2n b\u1eb1ng t\u1ef1 \u0111\u1ed9ng.<br \/>\nTu\u1ed5i th\u1ecd cao ho\u1ea1t \u0111\u1ed9ng t\u1ed1t \u0111\u00fang dung l\u01b0\u1ee3ng.<br \/>\nNhi\u1ec7t \u0111\u1ed9 l\u00e0m vi\u1ec7c: -40 &#8212; 80 \u2103<br \/>\nK\u00edch th\u01b0\u1edbc:100 x 70 x 40 mm.<br \/>\nTr\u1ecdng l\u01b0\u1ee3ng: 490 gam.<br \/>\n<strong>K\u00e8m s\u1ea1c 21V 2A.<br \/>\nT\u1eb7ng k\u00e8m jack DC.<\/strong><\/p>\n<p><strong><a href=\"https:\/\/maybommini.com\/wp-content\/uploads\/2025\/08\/Ban-pin-21V-5200mAh-10A-5S2P-MTM.jpg\" target=\"_blank\" rel=\"noopener\"><img decoding=\"async\" class=\"size-full wp-image-278064 aligncenter\" src=\"https:\/\/maybommini.com\/wp-content\/uploads\/2025\/08\/Ban-pin-21V-5200mAh-10A-5S2P-MTM.jpg\" alt=\"Ban Pin 21V 5200mAh 10A 5S2P MTM\" width=\"750\" height=\"750\" srcset=\"https:\/\/maybommini.vn\/wp-content\/uploads\/2025\/08\/Ban-pin-21V-5200mAh-10A-5S2P-MTM.jpg 750w, https:\/\/maybommini.vn\/wp-content\/uploads\/2025\/08\/Ban-pin-21V-5200mAh-10A-5S2P-MTM-300x300.jpg 300w, https:\/\/maybommini.vn\/wp-content\/uploads\/2025\/08\/Ban-pin-21V-5200mAh-10A-5S2P-MTM-150x150.jpg 150w, https:\/\/maybommini.vn\/wp-content\/uploads\/2025\/08\/Ban-pin-21V-5200mAh-10A-5S2P-MTM-600x600.jpg 600w\" sizes=\"(max-width: 750px) 100vw, 750px\" \/><\/a><\/strong><\/p>\n<p><a href=\"https:\/\/maybommini.com\/wp-content\/uploads\/2025\/08\/Khoi-pin-21V-5200mAh-10A-5S2P-MTM-kich-thuoc.jpg\" target=\"_blank\" rel=\"noopener\"><img decoding=\"async\" class=\"size-full wp-image-278068 aligncenter\" src=\"https:\/\/maybommini.com\/wp-content\/uploads\/2025\/08\/Khoi-pin-21V-5200mAh-10A-5S2P-MTM-kich-thuoc.jpg\" alt=\"Khoi Pin 21V 5200mAh 10A 5S2P MTM Kich Thuoc\" width=\"750\" height=\"750\" srcset=\"https:\/\/maybommini.vn\/wp-content\/uploads\/2025\/08\/Khoi-pin-21V-5200mAh-10A-5S2P-MTM-kich-thuoc.jpg 750w, https:\/\/maybommini.vn\/wp-content\/uploads\/2025\/08\/Khoi-pin-21V-5200mAh-10A-5S2P-MTM-kich-thuoc-300x300.jpg 300w, https:\/\/maybommini.vn\/wp-content\/uploads\/2025\/08\/Khoi-pin-21V-5200mAh-10A-5S2P-MTM-kich-thuoc-150x150.jpg 150w, https:\/\/maybommini.vn\/wp-content\/uploads\/2025\/08\/Khoi-pin-21V-5200mAh-10A-5S2P-MTM-kich-thuoc-600x600.jpg 600w\" sizes=\"(max-width: 750px) 100vw, 750px\" \/><\/a><a href=\"https:\/\/maybommini.com\/wp-content\/uploads\/2025\/08\/Khoi-pin-21V-5200mAh-10A-5S2P-MTM-gia-re.jpg\" target=\"_blank\" rel=\"noopener\"><img decoding=\"async\" class=\"size-full wp-image-278066 aligncenter\" src=\"https:\/\/maybommini.com\/wp-content\/uploads\/2025\/08\/Khoi-pin-21V-5200mAh-10A-5S2P-MTM-gia-re.jpg\" alt=\"Khoi Pin 21V 5200mAh 10A 5S2P MTM Gia Re\" width=\"750\" height=\"750\" srcset=\"https:\/\/maybommini.vn\/wp-content\/uploads\/2025\/08\/Khoi-pin-21V-5200mAh-10A-5S2P-MTM-gia-re.jpg 750w, https:\/\/maybommini.vn\/wp-content\/uploads\/2025\/08\/Khoi-pin-21V-5200mAh-10A-5S2P-MTM-gia-re-300x300.jpg 300w, https:\/\/maybommini.vn\/wp-content\/uploads\/2025\/08\/Khoi-pin-21V-5200mAh-10A-5S2P-MTM-gia-re-150x150.jpg 150w, https:\/\/maybommini.vn\/wp-content\/uploads\/2025\/08\/Khoi-pin-21V-5200mAh-10A-5S2P-MTM-gia-re-600x600.jpg 600w\" sizes=\"(max-width: 750px) 100vw, 750px\" \/><\/a><a href=\"https:\/\/maybommini.com\/wp-content\/uploads\/2025\/08\/Khoi-pin-21V-5200mAh-10A-5S2P-MTM.jpg\" target=\"_blank\" rel=\"noopener\"><img decoding=\"async\" class=\"size-full wp-image-278065 aligncenter\" src=\"https:\/\/maybommini.com\/wp-content\/uploads\/2025\/08\/Khoi-pin-21V-5200mAh-10A-5S2P-MTM.jpg\" alt=\"Khoi Pin 21V 5200mAh 10A 5S2P MTM\" width=\"750\" height=\"750\" srcset=\"https:\/\/maybommini.vn\/wp-content\/uploads\/2025\/08\/Khoi-pin-21V-5200mAh-10A-5S2P-MTM.jpg 750w, https:\/\/maybommini.vn\/wp-content\/uploads\/2025\/08\/Khoi-pin-21V-5200mAh-10A-5S2P-MTM-300x300.jpg 300w, https:\/\/maybommini.vn\/wp-content\/uploads\/2025\/08\/Khoi-pin-21V-5200mAh-10A-5S2P-MTM-150x150.jpg 150w, https:\/\/maybommini.vn\/wp-content\/uploads\/2025\/08\/Khoi-pin-21V-5200mAh-10A-5S2P-MTM-600x600.jpg 600w\" sizes=\"(max-width: 750px) 100vw, 750px\" \/><\/a><a href=\"https:\/\/maybommini.com\/wp-content\/uploads\/2025\/08\/pin-21V-5200mAh-10A-5S2P-MTM-gia-re.jpg\" target=\"_blank\" rel=\"noopener\"><img decoding=\"async\" class=\"size-full wp-image-278063 aligncenter\" src=\"https:\/\/maybommini.com\/wp-content\/uploads\/2025\/08\/pin-21V-5200mAh-10A-5S2P-MTM-gia-re.jpg\" alt=\"Pin 21V 5200mAh 10A 5S2P MTM Gia Re\" width=\"750\" height=\"750\" srcset=\"https:\/\/maybommini.vn\/wp-content\/uploads\/2025\/08\/pin-21V-5200mAh-10A-5S2P-MTM-gia-re.jpg 750w, https:\/\/maybommini.vn\/wp-content\/uploads\/2025\/08\/pin-21V-5200mAh-10A-5S2P-MTM-gia-re-300x300.jpg 300w, https:\/\/maybommini.vn\/wp-content\/uploads\/2025\/08\/pin-21V-5200mAh-10A-5S2P-MTM-gia-re-150x150.jpg 150w, https:\/\/maybommini.vn\/wp-content\/uploads\/2025\/08\/pin-21V-5200mAh-10A-5S2P-MTM-gia-re-600x600.jpg 600w\" sizes=\"(max-width: 750px) 100vw, 750px\" \/><\/a><br \/>\n<strong>H\u01af\u1edaNG D\u1eaaN S\u1eec D\u1ee4NG PIN S\u1ea0C \u0110\u00daNG C\u00c1CH<\/strong><br \/>\n&#8211; S\u1eed d\u1ee5ng tr\u00e1nh kh\u00f4ng \u0111\u01b0\u1ee3c ch\u1ea1m c\u1ef1c \u00c2m v\u00e0 D\u01b0\u01a1ng g\u00e2y ch\u00e1y n\u1ed5.<br \/>\n&#8211; S\u1eed d\u1ee5ng kh\u00f4ng \u0111\u01b0\u1ee3c qu\u00e1 c\u00f4ng su\u1ea5t t\u1ea3i t\u1ed1i \u0111a cho ph\u00e9p.<br \/>\n&#8211; N\u00ean s\u1eed d\u1ee5ng t\u1ed1t nh\u1ea5t c\u00f4ng su\u1ea5t t\u1ea3i 50% 60% so v\u1edbi c\u00f4ng su\u1ea5t t\u1ed1i \u0111a pin ch\u1ecbu t\u1ea3i.<br \/>\n&#8211; S\u1ea1c l\u1ea1i pin khi \u0111i\u1ec7n \u00e1p d\u01b0\u1edbi 18V.<br \/>\n&#8211; C\u1ea7n s\u1ea1c pin l\u1ea1i c\u00e1ch nhau 20 &#8211; 30 ng\u00e0y n\u1ebfu l\u01b0u tr\u1eef l\u00e2u d\u00e0i.<br \/>\n&#8211; Kh\u00f4ng \u0111\u1ec3 pin dung l\u01b0\u1ee3ng c\u1ea1n ki\u1ec7t s\u1ebb l\u00e0m h\u01b0 pin v\u00e0 gi\u00e3m tu\u1ed5i th\u1ecd.<br \/>\n&#8211; \u0110ang s\u1ea1c th\u00ec kh\u00f4ng s\u1eed d\u1ee5ng tr\u00e1nh ch\u00e1y n\u1ed5.<br \/>\n&#8211; L\u01b0u tr\u1eef v\u00e0 s\u1eed d\u1ee5ng n\u01a1i tho\u00e1ng m\u00e1t v\u00e0 tr\u00e1nh \u1ea9m \u01b0\u1edbt.<br \/>\n&#8211; S\u1eed d\u1ee5ng lo\u1ea1i s\u1ea1c c\u00f3 \u0111i\u1ec7n \u00e1p v\u00e0 d\u00f2ng ph\u00f9 h\u1ee3p theo nh\u00e0 s\u1ea3n xu\u1ea5t \u0111\u1ec3 tr\u00e1nh l\u00e0m h\u01b0 v\u00e0 gi\u00e3m tu\u1ed5i th\u1ecd pin.<br \/>\n&#8211; Tr\u00e1nh pin b\u1ecb va ch\u1ea1m m\u1ea1nh l\u00e0m h\u01b0 pin v\u00e0 ch\u00e1y n\u1ed5.<\/p>\n<p><strong><a href=\"https:\/\/maybommini.com\/wp-content\/uploads\/2025\/08\/BMS-Samrt-Li-ion.jpg\" target=\"_blank\" rel=\"noopener\"><img decoding=\"async\" class=\"size-full wp-image-278015 aligncenter\" src=\"https:\/\/maybommini.com\/wp-content\/uploads\/2025\/08\/BMS-Samrt-Li-ion.jpg\" alt=\"BMS Samrt Li Ion\" width=\"750\" height=\"750\" srcset=\"https:\/\/maybommini.vn\/wp-content\/uploads\/2025\/08\/BMS-Samrt-Li-ion.jpg 750w, https:\/\/maybommini.vn\/wp-content\/uploads\/2025\/08\/BMS-Samrt-Li-ion-300x300.jpg 300w, https:\/\/maybommini.vn\/wp-content\/uploads\/2025\/08\/BMS-Samrt-Li-ion-150x150.jpg 150w, https:\/\/maybommini.vn\/wp-content\/uploads\/2025\/08\/BMS-Samrt-Li-ion-600x600.jpg 600w\" sizes=\"(max-width: 750px) 100vw, 750px\" \/><\/a><a href=\"https:\/\/maybommini.com\/wp-content\/uploads\/2025\/08\/mach-bao-ve-pin-sac-BMS-cao-cap.jpg\" target=\"_blank\" rel=\"noopener\"><img decoding=\"async\" class=\"size-full wp-image-278019 aligncenter\" src=\"https:\/\/maybommini.com\/wp-content\/uploads\/2025\/08\/mach-bao-ve-pin-sac-BMS-cao-cap.jpg\" alt=\"Mach Bao Ve Pin Sac BMS Cao Cap\" width=\"750\" height=\"750\" srcset=\"https:\/\/maybommini.vn\/wp-content\/uploads\/2025\/08\/mach-bao-ve-pin-sac-BMS-cao-cap.jpg 750w, https:\/\/maybommini.vn\/wp-content\/uploads\/2025\/08\/mach-bao-ve-pin-sac-BMS-cao-cap-300x300.jpg 300w, https:\/\/maybommini.vn\/wp-content\/uploads\/2025\/08\/mach-bao-ve-pin-sac-BMS-cao-cap-150x150.jpg 150w, https:\/\/maybommini.vn\/wp-content\/uploads\/2025\/08\/mach-bao-ve-pin-sac-BMS-cao-cap-600x600.jpg 600w\" sizes=\"(max-width: 750px) 100vw, 750px\" \/><\/a><a href=\"https:\/\/maybommini.com\/wp-content\/uploads\/2025\/08\/chuyen-dong-pin-sac-cac-loai-theo-nhu-cau.jpg\" target=\"_blank\" rel=\"noopener\"><img decoding=\"async\" class=\"size-full wp-image-278016 aligncenter\" src=\"https:\/\/maybommini.com\/wp-content\/uploads\/2025\/08\/chuyen-dong-pin-sac-cac-loai-theo-nhu-cau.jpg\" alt=\"Chuyen Dong Pin Sac Cac Loai Theo Nhu Cau\" width=\"750\" height=\"750\" srcset=\"https:\/\/maybommini.vn\/wp-content\/uploads\/2025\/08\/chuyen-dong-pin-sac-cac-loai-theo-nhu-cau.jpg 750w, https:\/\/maybommini.vn\/wp-content\/uploads\/2025\/08\/chuyen-dong-pin-sac-cac-loai-theo-nhu-cau-300x300.jpg 300w, https:\/\/maybommini.vn\/wp-content\/uploads\/2025\/08\/chuyen-dong-pin-sac-cac-loai-theo-nhu-cau-150x150.jpg 150w, https:\/\/maybommini.vn\/wp-content\/uploads\/2025\/08\/chuyen-dong-pin-sac-cac-loai-theo-nhu-cau-600x600.jpg 600w\" sizes=\"(max-width: 750px) 100vw, 750px\" \/><\/a>S\u1eec D\u1ee4NG PIN S\u1ea0C<br \/>\n<\/strong>Pin cho motor 18V 21V.<br \/>\nPin qu\u1ea1t, pin motor m\u00e1y khoan, m\u00e1y c\u1eaft.<br \/>\nD\u00f9ng t\u1ed1t cho c\u00e1c thi\u1ebft b\u1ecb 18V 21V.<br \/>\nS\u1eed d\u1ee5ng cho m\u00e1y b\u01a1m mini 18V.<br \/>\nD\u00f9ng cho m\u00e1y b\u01a1m n\u01b0\u1edbc 18V 21V<br \/>\nD\u00f9ng pin s\u1ea1c cho c\u00e1c thi\u1ebft b\u1ecb Camera, pin d\u1ef1 ph\u00f2ng, \u0111\u00e8n Led, qu\u1ea1t 21V \u2026.<br \/>\nD\u00f9ng cho \u0111\u1ed5 ch\u01a1i tr\u1ebb em.<br \/>\nPin s\u1ea1c d\u1ef1 ph\u00f2ng.<br \/>\nPin \u0111\u00e8n led si\u00eau s\u00e1ng.<br \/>\nPin loa k\u00e9o karaoke.<br \/>\nPin thi\u1ebft b\u1ecb t\u1ef1 \u0111\u1ed9ng th\u00f4ng minh.<br \/>\nPin cho kho\u00e1 c\u1eeda t\u1eeb.<br \/>\nPin d\u1ef1 ph\u00f2ng c\u1eeda t\u1eeb.<br \/>\nPin cho m\u00e1y ch\u1ea5m c\u00f4ng v\u00e2n tay.<br \/>\nPin s\u1ea1c m\u00e1y ch\u1ea5m c\u00f4ng th\u1ebb t\u1eeb.<br \/>\nPin m\u00e1y khoan, m\u00e1y b\u1eafn v\u00edt.<br \/>\nUPS 18V 24V cho thi\u1ebft b\u1ecb.<br \/>\nNgu\u1ed3n Wifi, modem, box TV.<br \/>\n<strong>KH\u00d4NG D\u00d9NG KH\u1edeI \u0110\u1ed8NG XE M\u00c1Y, \u00d4T\u00d4<\/strong><\/p>\n<p><a href=\"https:\/\/maybommini.com\/wp-content\/uploads\/2025\/08\/pin-21V-5200mAh-10A-5S2P-MTM.jpg\" target=\"_blank\" rel=\"noopener\"><img decoding=\"async\" class=\"size-full wp-image-278062 aligncenter\" src=\"https:\/\/maybommini.com\/wp-content\/uploads\/2025\/08\/pin-21V-5200mAh-10A-5S2P-MTM.jpg\" alt=\"Pin 21V 5200mAh 10A 5S2P MTM\" width=\"750\" height=\"750\" srcset=\"https:\/\/maybommini.vn\/wp-content\/uploads\/2025\/08\/pin-21V-5200mAh-10A-5S2P-MTM.jpg 750w, https:\/\/maybommini.vn\/wp-content\/uploads\/2025\/08\/pin-21V-5200mAh-10A-5S2P-MTM-300x300.jpg 300w, https:\/\/maybommini.vn\/wp-content\/uploads\/2025\/08\/pin-21V-5200mAh-10A-5S2P-MTM-150x150.jpg 150w, https:\/\/maybommini.vn\/wp-content\/uploads\/2025\/08\/pin-21V-5200mAh-10A-5S2P-MTM-600x600.jpg 600w\" sizes=\"(max-width: 750px) 100vw, 750px\" \/><\/a><\/p>\n<p><strong>B\u00c1N B\u00ccNH \u1eaeC QUY KH\u00d4 MINI \u2013 B\u00ccNH \u1eaeC QUY PIN LITHIUM \u2013 PIN S\u1ea0C<br \/>\nCh\u00fang t\u00f4i nh\u00e0 cung c\u1ea5p ph\u00e2n ph\u1ed1i to\u00e0n qu\u1ed1c c\u00e1c lo\u1ea1i b\u00e1n b\u00ecnh \u1eafc quy kh\u00f4 mini \u0111\u1ebfn c\u00e1c lo\u1ea1i b\u00ecnh \u1eafc quy c\u00f3 dung l\u01b0\u1ee3ng r\u1ea5t l\u1edbn v\u1edbi gi\u00e1 h\u1ee3p l\u00fd v\u00e0 b\u1ea3o h\u00e0nh ch\u00ednh h\u00e3ng.<\/strong><\/p>\n<p><strong>\u0110I\u1ec6N M\u00c1Y TH\u00d4NG MINH<br \/>\nWebsite:\u00a0<a href=\"https:\/\/maybommini.com\/\" target=\"_blank\" rel=\"noopener\">https:\/\/maybommini.com<\/a><br \/>\nEmail: Maybommini.com@gmail.com<br \/>\nT\u01af V\u1ea4N K\u1ef8 THU\u1eacT \u2013 MUA H\u00c0NG<br \/>\nTel\/ Zalo: 0908997823 \u2013 0908997872<br \/>\nT\u01b0 v\u1ea5n mua h\u00e0ng: 0907294310 \u2013 02873030399<br \/>\n<\/strong><\/p>\n<h3><a class=\"swipebox\" title=\"\" href=\"https:\/\/maybommini.com\/wp-content\/uploads\/2022\/07\/thong-tin-lien-he-may-bom-mini.jpg\" data-rel=\"lightbox-image-bGlnaHRib3gtaW1hZ2UtYkdsbmFIUmliM2d0YVcxaFoyVXRZa2RzYm1GSVVtbGlNMmQwWVZjeGFGb3lWWFJaYTJSelltMUdTVlZ0YkdsTk1tUXdXVlpqZUdGR2IzbFdXRkphWVRKU2VsbHRNVWRUVmxaMFlrZHNUazF0VVhkWFZscHFaVWRHUjJJemJGZFhSa3BQVm10V1ZrOVJQVDA9\" data-rl_title=\"\" data-rl_caption=\"\" data-rl_ target=\"_blank\" rel=\"noopener\"><img decoding=\"async\" class=\"size-full wp-image-270584 lazyloaded aligncenter\" src=\"https:\/\/maybommini.com\/wp-content\/uploads\/2022\/07\/thong-tin-lien-he-may-bom-mini.jpg\" sizes=\"(max-width: 750px) 100vw, 750px\" srcset=\"https:\/\/maybommini.com\/wp-content\/uploads\/2022\/07\/thong-tin-lien-he-may-bom-mini.jpg 750w, https:\/\/maybommini.com\/wp-content\/uploads\/2022\/07\/thong-tin-lien-he-may-bom-mini-300x202.jpg 300w, https:\/\/maybommini.com\/wp-content\/uploads\/2022\/07\/thong-tin-lien-he-may-bom-mini-600x405.jpg 600w\" alt=\"Thong Tin Lien He May Bom Mini\" width=\"750\" height=\"506\" data-lazy-srcset=\"https:\/\/maybommini.com\/wp-content\/uploads\/2022\/07\/thong-tin-lien-he-may-bom-mini.jpg 750w, https:\/\/maybommini.com\/wp-content\/uploads\/2022\/07\/thong-tin-lien-he-may-bom-mini-300x202.jpg 300w, https:\/\/maybommini.com\/wp-content\/uploads\/2022\/07\/thong-tin-lien-he-may-bom-mini-600x405.jpg 600w\" data-lazy-sizes=\"(max-width: 750px) 100vw, 750px\" data-lazy-src=\"https:\/\/maybommini.com\/wp-content\/uploads\/2022\/07\/thong-tin-lien-he-may-bom-mini.jpg\" data-was-processed=\"true\" \/><\/a><\/h3>\n<h3 style=\"text-align: center;\"><em><strong>CHUY\u00caN B\u00c1N PH\u00c2N PH\u1ed0I C\u00c1C LO\u1ea0I PIN S\u1ea0C<br \/>\nLITHIUM LI-ION LiFePo4 12V 24V 36V 48V GI\u00c1 T\u1ed0T CH\u1ea4T L\u01af\u1ee2NG.<br \/>\nNH\u1eacN \u0110\u00d3NG PIN B\u00ccNH \u1eaeC QUY THEO Y\u00caU C\u1ea6U GI\u00c1 T\u1ed0T<\/strong><\/em><\/h3>\n<h3 style=\"text-align: center;\"><em><strong>&#8212;&#8212;&#8212;&#8212;&#8212;&#8212;&#8212;&#8212;&#8212;&#8212;&#8212;&#8212;&#8212;&#8212;&#8212;&#8212;&#8212;&#8212;&#8212;&#8212;&#8212;&#8212;&#8212;&#8212;&#8212;<br \/>\n<\/strong><\/em><\/h3>\n<h3 style=\"text-align: center;\">Pin s\u1ea1c 21V 5.2Ah 5S2P 10A MTM K\u00c8M S\u1ea0C<\/h3>\n","protected":false},"excerpt":{"rendered":"<p>Th\u01b0\u01a1ng hi\u1ec7u: MTM<br \/>\nModel: 21V-10A-5S2P-52<br \/>\n\u0110i\u1ec7n th\u1ebf \u0111\u1ecbnh danh: 21V DC<br \/>\n\u0110i\u1ec7n th\u1ebf ra: 16V &#8211; 21V DC<br \/>\n\u0110i\u1ec7n th\u1ebf s\u1ea1c v\u00e0o: 21V 1A &#8211; 3A DC<br \/>\nDung l\u01b0\u1ee3ng: 5.2Ah \u2013 5.200mAh<br \/>\nD\u00f2ng l\u00e0m vi\u1ec7c li\u00ean t\u1ee5c: 5A<br \/>\nD\u00f2ng \u0111i\u1ec7n t\u1ee9c th\u1eddi t\u1ed1i \u0111a: 10A<br \/>\nLo\u1ea1i cell pin s\u1ea1c Lithium-ion 18650<br \/>\nCell pin m\u1edbi ch\u00ednh h\u00e3ng.<br \/>\nKi\u1ec3u gh\u00e9p 5S<br \/>\nD\u00e2y ngu\u1ed3n: \u0110\u1ecf (+) \u0110en (-)<br \/>\nT\u00edch h\u1ee3p m\u1ea1ch b\u1ea3o v\u1ec7 v\u00e0 c\u00e2n b\u1eb1ng th\u00f4ng minh.<br \/>\nB\u1ea3o v\u1ec7 ch\u1ed1ng qu\u00e1 t\u1ea3i v\u00e0 s\u1ea1c c\u00e2n b\u1eb1ng t\u1ef1 \u0111\u1ed9ng.<br \/>\nTu\u1ed5i th\u1ecd cao ho\u1ea1t \u0111\u1ed9ng t\u1ed1t \u0111\u00fang dung l\u01b0\u1ee3ng.<br \/>\nNhi\u1ec7t \u0111\u1ed9 l\u00e0m vi\u1ec7c: -40 &#8212; 80 \u2103<br \/>\nK\u00edch th\u01b0\u1edbc:100 x 70 x 40 mm.<br \/>\nTr\u1ecdng l\u01b0\u1ee3ng: 490 gam.<br \/>\nB\u1ea3o h\u00e0nh: 3 th\u00e1ng<br \/>\n<strong>K\u00e8m s\u1ea1c 21V 2A.<br \/>\nT\u1eb7ng k\u00e8m jack DC.<\/strong><br \/>\n<strong>Mua s\u1ed1 l\u01b0\u1ee3ng c\u00f3 gi\u00e1 t\u1ed1t<\/strong><\/p>\n","protected":false},"featured_media":278067,"comment_status":"open","ping_status":"closed","template":"","meta":[],"product_brand":[2227],"product_cat":[4812],"product_tag":[3502,4729,4286,2926,3506,3504,3505,3503,1543,426,4155,427,2914,2342,430,1311,3470,4554,3462,3459,431,3461,433,437],"class_list":{"0":"post-278069","1":"product","2":"type-product","3":"status-publish","4":"has-post-thumbnail","6":"product_brand-mtm","7":"product_cat-21v-5s-lithium-ion","8":"product_tag-18650-battery-pack","9":"product_tag-5-2ah","10":"product_tag-5200mah","11":"product_tag-battery","12":"product_tag-battery-bank","13":"product_tag-battery-charger","14":"product_tag-battery-charger-12v-fully-automatic","15":"product_tag-battery-pack","16":"product_tag-charger","17":"product_tag-ion","18":"product_tag-khoi-pin-18650","19":"product_tag-lithium","20":"product_tag-lithium-ion-battery","21":"product_tag-mtm","22":"product_tag-pin","23":"product_tag-pin-18650","24":"product_tag-pin-21v","25":"product_tag-pin-5s","26":"product_tag-pin-li-on","27":"product_tag-pin-lithium","28":"product_tag-pin-sac","29":"product_tag-pin-sac-gia-re","30":"product_tag-sac","31":"product_tag-sac-pin","33":"first","34":"instock","35":"shipping-taxable","36":"purchasable","37":"product-type-simple"},"_links":{"self":[{"href":"https:\/\/maybommini.vn\/index.php?rest_route=\/wp\/v2\/product\/278069","targetHints":{"allow":["GET"]}}],"collection":[{"href":"https:\/\/maybommini.vn\/index.php?rest_route=\/wp\/v2\/product"}],"about":[{"href":"https:\/\/maybommini.vn\/index.php?rest_route=\/wp\/v2\/types\/product"}],"replies":[{"embeddable":true,"href":"https:\/\/maybommini.vn\/index.php?rest_route=%2Fwp%2Fv2%2Fcomments&post=278069"}],"wp:featuredmedia":[{"embeddable":true,"href":"https:\/\/maybommini.vn\/index.php?rest_route=\/wp\/v2\/media\/278067"}],"wp:attachment":[{"href":"https:\/\/maybommini.vn\/index.php?rest_route=%2Fwp%2Fv2%2Fmedia&parent=278069"}],"wp:term":[{"taxonomy":"product_brand","embeddable":true,"href":"https:\/\/maybommini.vn\/index.php?rest_route=%2Fwp%2Fv2%2Fproduct_brand&post=278069"},{"taxonomy":"product_cat","embeddable":true,"href":"https:\/\/maybommini.vn\/index.php?rest_route=%2Fwp%2Fv2%2Fproduct_cat&post=278069"},{"taxonomy":"product_tag","embeddable":true,"href":"https:\/\/maybommini.vn\/index.php?rest_route=%2Fwp%2Fv2%2Fproduct_tag&post=278069"}],"curies":[{"name":"wp","href":"https:\/\/api.w.org\/{rel}","templated":true}]}}