{"id":278137,"date":"2025-08-16T18:52:38","date_gmt":"2025-08-16T11:52:38","guid":{"rendered":"https:\/\/maybommini.com\/?post_type=product&#038;p=278137"},"modified":"2025-08-16T19:26:31","modified_gmt":"2025-08-16T12:26:31","slug":"day-nguon-dc-jack-5-5x2-1mm-250mm-duoi-cai","status":"publish","type":"product","link":"https:\/\/maybommini.vn\/?product=day-nguon-dc-jack-5-5x2-1mm-250mm-duoi-cai","title":{"rendered":"D\u00e2y ngu\u1ed3n DC jack 5.5&#215;2.1mm 250mm &#8211; \u0111u\u00f4i c\u00e1i"},"content":{"rendered":"<h4>D\u00e2y ngu\u1ed3n DC jack 5.5&#215;2.1mm 250mm \u0111u\u00f4i c\u00e1i ch\u1ea5t l\u01b0\u1ee3ng cao \u1ee9ng d\u1ee5ng r\u1ed9ng r\u00e3i. S\u1eed d\u1ee5ng l\u00e0m d\u00e2y c\u1ea5p ngu\u1ed3n \u0111\u00e8n LED, d\u00e2y ngu\u1ed3n camera, d\u00e2y ngu\u1ed3n pin, d\u00e2y c\u1ea5p ngu\u1ed3n thi\u1ebft b\u1ecb \u0111i\u1ec7n t\u1eed, jack ngu\u1ed3n l\u00e0m DIY v\u00e0 nhi\u1ec1u \u1ee9ng d\u1ee5ng kh\u00e1c.<\/h4>\n<p><strong><a href=\"https:\/\/maybommini.com\/wp-content\/uploads\/2025\/08\/Day-jack-DC-250mm-cai-Female-jack-cable-adapter-plug-power-supply-gia-re.jpg\" target=\"_blank\" rel=\"noopener\"><img decoding=\"async\" class=\"size-full wp-image-278142 aligncenter\" src=\"https:\/\/maybommini.com\/wp-content\/uploads\/2025\/08\/Day-jack-DC-250mm-cai-Female-jack-cable-adapter-plug-power-supply-gia-re.jpg\" alt=\"Day Jack DC 250mm Cai Female Jack Cable Adapter Plug Power Supply Gia Re\" width=\"750\" height=\"750\" srcset=\"https:\/\/maybommini.vn\/wp-content\/uploads\/2025\/08\/Day-jack-DC-250mm-cai-Female-jack-cable-adapter-plug-power-supply-gia-re.jpg 750w, https:\/\/maybommini.vn\/wp-content\/uploads\/2025\/08\/Day-jack-DC-250mm-cai-Female-jack-cable-adapter-plug-power-supply-gia-re-300x300.jpg 300w, https:\/\/maybommini.vn\/wp-content\/uploads\/2025\/08\/Day-jack-DC-250mm-cai-Female-jack-cable-adapter-plug-power-supply-gia-re-150x150.jpg 150w, https:\/\/maybommini.vn\/wp-content\/uploads\/2025\/08\/Day-jack-DC-250mm-cai-Female-jack-cable-adapter-plug-power-supply-gia-re-600x600.jpg 600w\" sizes=\"(max-width: 750px) 100vw, 750px\" \/><\/a>TH\u00d4NG S\u1ed0 K\u1ef8 THU\u1eacT<br \/>\n<\/strong>Th\u01b0\u01a1ng hi\u1ec7u: MTM<br \/>\nModel: DC-JACK-250-FEMALE<br \/>\nLo\u1ea1i d\u00e2y \u0111\u00f4i \u0111\u1ecf \u0111en.<br \/>\n\u0110\u1ea7u Jack DC 5.5&#215;2.1 mm<br \/>\nC\u00f4ng su\u1ea5t t\u1ed1i \u0111a: DC 0-36V 5A<br \/>\nChi\u1ec1u d\u00e0i: 250mm &#8211; 25cm<br \/>\nCh\u1ea5t li\u1ec7u: \u0110\u1ed3ng &#8211; Nh\u1ef1a PVC<br \/>\nGi\u00e1 tr\u00ean l\u00e0 1 s\u1ee3i<br \/>\n<a href=\"https:\/\/maybommini.com\/wp-content\/uploads\/2025\/08\/Day-jack-DC-250mm-cai-cao-cap.jpg\" target=\"_blank\" rel=\"noopener\"><img decoding=\"async\" class=\"size-full wp-image-278143 aligncenter\" src=\"https:\/\/maybommini.com\/wp-content\/uploads\/2025\/08\/Day-jack-DC-250mm-cai-cao-cap.jpg\" alt=\"Day Jack DC 250mm Cai Cao Cap\" width=\"750\" height=\"750\" srcset=\"https:\/\/maybommini.vn\/wp-content\/uploads\/2025\/08\/Day-jack-DC-250mm-cai-cao-cap.jpg 750w, https:\/\/maybommini.vn\/wp-content\/uploads\/2025\/08\/Day-jack-DC-250mm-cai-cao-cap-300x300.jpg 300w, https:\/\/maybommini.vn\/wp-content\/uploads\/2025\/08\/Day-jack-DC-250mm-cai-cao-cap-150x150.jpg 150w, https:\/\/maybommini.vn\/wp-content\/uploads\/2025\/08\/Day-jack-DC-250mm-cai-cao-cap-600x600.jpg 600w\" sizes=\"(max-width: 750px) 100vw, 750px\" \/><\/a><\/p>\n<p><strong>S\u1eec D\u1ee4NG D\u00c2Y JACK NGU\u1ed2N DC<br \/>\n<\/strong>&#8211; D\u00e2y ngu\u1ed3n Camera.<br \/>\n&#8211; D\u00e2y ngu\u1ed3n \u0111\u00e8n LED.<br \/>\n&#8211; D\u00e2y ngu\u1ed3n thi\u1ebft b\u1ecb \u0111i\u1ec7n DC.<br \/>\n&#8211; D\u00e2y c\u1ea5p ngu\u1ed3n l\u00e0m DIY.<br \/>\n&#8211; D\u00e2y ngu\u1ed3n m\u00e1y b\u01a1m mini 12V 24V.<br \/>\n&#8211; D\u00e2y ngu\u1ed3n Pin s\u1ea1c.<br \/>\n&#8211; D\u00e2y ngu\u1ed3n s\u1ea1c thi\u1ebft b\u1ecb.<br \/>\n&#8211; D\u00e2y ngu\u1ed3n bi\u1ebfn th\u1ebf \u0111\u1ed5i \u0111i\u1ec7n Adapter.<\/p>\n<p><a href=\"https:\/\/maybommini.com\/wp-content\/uploads\/2025\/08\/Day-jack-DC-250mm-cai-Female-jack-cable-adapter-plug-power-supply.jpg\" target=\"_blank\" rel=\"noopener\"><img decoding=\"async\" class=\"size-full wp-image-278139 aligncenter\" src=\"https:\/\/maybommini.com\/wp-content\/uploads\/2025\/08\/Day-jack-DC-250mm-cai-Female-jack-cable-adapter-plug-power-supply.jpg\" alt=\"Day Jack DC 250mm Cai Female Jack Cable Adapter Plug Power Supply\" width=\"750\" height=\"750\" srcset=\"https:\/\/maybommini.vn\/wp-content\/uploads\/2025\/08\/Day-jack-DC-250mm-cai-Female-jack-cable-adapter-plug-power-supply.jpg 750w, https:\/\/maybommini.vn\/wp-content\/uploads\/2025\/08\/Day-jack-DC-250mm-cai-Female-jack-cable-adapter-plug-power-supply-300x300.jpg 300w, https:\/\/maybommini.vn\/wp-content\/uploads\/2025\/08\/Day-jack-DC-250mm-cai-Female-jack-cable-adapter-plug-power-supply-150x150.jpg 150w, https:\/\/maybommini.vn\/wp-content\/uploads\/2025\/08\/Day-jack-DC-250mm-cai-Female-jack-cable-adapter-plug-power-supply-600x600.jpg 600w\" sizes=\"(max-width: 750px) 100vw, 750px\" \/><\/a><\/p>\n<p style=\"text-align: center;\"><strong><em>D\u00e2y ngu\u1ed3n DC jack 5.5&#215;2.1mm 250mm &#8211; \u0111u\u00f4i c\u00e1i<\/em><\/strong><\/p>\n<p><a href=\"https:\/\/maybommini.com\/wp-content\/uploads\/2025\/08\/Day-jack-DC-250mm-cai-Female-jack-cable-adapter-plug-power-supply-chuyen-nghiep.jpg\" target=\"_blank\" rel=\"noopener\"><img decoding=\"async\" class=\"size-full wp-image-278141 aligncenter\" src=\"https:\/\/maybommini.com\/wp-content\/uploads\/2025\/08\/Day-jack-DC-250mm-cai-Female-jack-cable-adapter-plug-power-supply-chuyen-nghiep.jpg\" alt=\"Day Jack DC 250mm Cai Female Jack Cable Adapter Plug Power Supply Chuyen Nghiep\" width=\"750\" height=\"750\" srcset=\"https:\/\/maybommini.vn\/wp-content\/uploads\/2025\/08\/Day-jack-DC-250mm-cai-Female-jack-cable-adapter-plug-power-supply-chuyen-nghiep.jpg 750w, https:\/\/maybommini.vn\/wp-content\/uploads\/2025\/08\/Day-jack-DC-250mm-cai-Female-jack-cable-adapter-plug-power-supply-chuyen-nghiep-300x300.jpg 300w, https:\/\/maybommini.vn\/wp-content\/uploads\/2025\/08\/Day-jack-DC-250mm-cai-Female-jack-cable-adapter-plug-power-supply-chuyen-nghiep-150x150.jpg 150w, https:\/\/maybommini.vn\/wp-content\/uploads\/2025\/08\/Day-jack-DC-250mm-cai-Female-jack-cable-adapter-plug-power-supply-chuyen-nghiep-600x600.jpg 600w\" sizes=\"(max-width: 750px) 100vw, 750px\" \/><\/a><\/p>\n<p><a href=\"https:\/\/maybommini.com\/wp-content\/uploads\/2025\/08\/Day-jack-DC-250mm-cai-Female-jack-cable-adapter-plug-power-supply-cao-cap.jpg\" target=\"_blank\" rel=\"noopener\"><img decoding=\"async\" class=\"size-full wp-image-278140 aligncenter\" src=\"https:\/\/maybommini.com\/wp-content\/uploads\/2025\/08\/Day-jack-DC-250mm-cai-Female-jack-cable-adapter-plug-power-supply-cao-cap.jpg\" alt=\"Day Jack DC 250mm Cai Female Jack Cable Adapter Plug Power Supply Cao Cap\" width=\"750\" height=\"750\" srcset=\"https:\/\/maybommini.vn\/wp-content\/uploads\/2025\/08\/Day-jack-DC-250mm-cai-Female-jack-cable-adapter-plug-power-supply-cao-cap.jpg 750w, https:\/\/maybommini.vn\/wp-content\/uploads\/2025\/08\/Day-jack-DC-250mm-cai-Female-jack-cable-adapter-plug-power-supply-cao-cap-300x300.jpg 300w, https:\/\/maybommini.vn\/wp-content\/uploads\/2025\/08\/Day-jack-DC-250mm-cai-Female-jack-cable-adapter-plug-power-supply-cao-cap-150x150.jpg 150w, https:\/\/maybommini.vn\/wp-content\/uploads\/2025\/08\/Day-jack-DC-250mm-cai-Female-jack-cable-adapter-plug-power-supply-cao-cap-600x600.jpg 600w\" sizes=\"(max-width: 750px) 100vw, 750px\" \/><\/a><\/p>\n<p><strong>CHUY\u00caN CUNG C\u1ea4P ADAPTER \u2013 BI\u1ebeN TH\u1ebe \u2013 NGU\u1ed2N T\u1ed4 ONG \u2013 BI\u1ebeN TH\u1ebe T\u0102NG PH\u00d4<\/strong><br \/>\nCh\u00fang t\u00f4i nh\u00e0 cung c\u1ea5p ph\u00e2n ph\u1ed1i to\u00e0n qu\u1ed1c c\u00e1c lo\u1ea1i adapter, ngu\u1ed3n \u0111i\u1ec7n, adaptor, ngu\u1ed3n t\u1ed5 ong, ngu\u1ed3n t\u0103ng ph\u00f4 v\u1edbi gi\u00e1 h\u1ee3p l\u00fd v\u00e0 b\u1ea3o h\u00e0nh ch\u00ednh h\u00e3ng.<\/p>\n<p><a href=\"https:\/\/maybommini.com\/wp-content\/uploads\/2025\/08\/ban-day-jack-DC-250mm-duc-cai-Male-Female-jack-cable-adapter-plug-power-supply.jpg\" target=\"_blank\" rel=\"noopener\"><img decoding=\"async\" class=\"size-full wp-image-278152 aligncenter\" src=\"https:\/\/maybommini.com\/wp-content\/uploads\/2025\/08\/ban-day-jack-DC-250mm-duc-cai-Male-Female-jack-cable-adapter-plug-power-supply.jpg\" alt=\"Ban Day Jack DC 250mm Duc Cai Male Female Jack Cable Adapter Plug Power Supply\" width=\"750\" height=\"750\" srcset=\"https:\/\/maybommini.vn\/wp-content\/uploads\/2025\/08\/ban-day-jack-DC-250mm-duc-cai-Male-Female-jack-cable-adapter-plug-power-supply.jpg 750w, https:\/\/maybommini.vn\/wp-content\/uploads\/2025\/08\/ban-day-jack-DC-250mm-duc-cai-Male-Female-jack-cable-adapter-plug-power-supply-300x300.jpg 300w, https:\/\/maybommini.vn\/wp-content\/uploads\/2025\/08\/ban-day-jack-DC-250mm-duc-cai-Male-Female-jack-cable-adapter-plug-power-supply-150x150.jpg 150w, https:\/\/maybommini.vn\/wp-content\/uploads\/2025\/08\/ban-day-jack-DC-250mm-duc-cai-Male-Female-jack-cable-adapter-plug-power-supply-600x600.jpg 600w\" sizes=\"(max-width: 750px) 100vw, 750px\" \/><\/a><a href=\"https:\/\/maybommini.com\/wp-content\/uploads\/2025\/08\/Day-jack-DC-250mm-duc-cai-Male-Female-jack-cable-adapter-plug-power-supply.jpg\" target=\"_blank\" rel=\"noopener\"><img decoding=\"async\" class=\"size-full wp-image-278145 aligncenter\" src=\"https:\/\/maybommini.com\/wp-content\/uploads\/2025\/08\/Day-jack-DC-250mm-duc-cai-Male-Female-jack-cable-adapter-plug-power-supply.jpg\" alt=\"Day Jack DC 250mm Duc Cai Male Female Jack Cable Adapter Plug Power Supply\" width=\"750\" height=\"750\" srcset=\"https:\/\/maybommini.vn\/wp-content\/uploads\/2025\/08\/Day-jack-DC-250mm-duc-cai-Male-Female-jack-cable-adapter-plug-power-supply.jpg 750w, https:\/\/maybommini.vn\/wp-content\/uploads\/2025\/08\/Day-jack-DC-250mm-duc-cai-Male-Female-jack-cable-adapter-plug-power-supply-300x300.jpg 300w, https:\/\/maybommini.vn\/wp-content\/uploads\/2025\/08\/Day-jack-DC-250mm-duc-cai-Male-Female-jack-cable-adapter-plug-power-supply-150x150.jpg 150w, https:\/\/maybommini.vn\/wp-content\/uploads\/2025\/08\/Day-jack-DC-250mm-duc-cai-Male-Female-jack-cable-adapter-plug-power-supply-600x600.jpg 600w\" sizes=\"(max-width: 750px) 100vw, 750px\" \/><\/a><br \/>\n<strong>\u0110I\u1ec6N M\u00c1Y TH\u00d4NG MINH<br \/>\nWebsite:\u00a0<a href=\"https:\/\/maybommini.com\/\" target=\"_blank\" rel=\"noopener\">https:\/\/maybommini.com<\/a><br \/>\nEmail: Maybommini.com@gmail.com<br \/>\nT\u01af V\u1ea4N K\u1ef8 THU\u1eacT \u2013 MUA H\u00c0NG<br \/>\nTel\/ Zalo: 0908997823 \u2013 0908997872<br \/>\nT\u01b0 v\u1ea5n mua h\u00e0ng: 0907294310 \u2013 02873030399<\/strong><\/p>\n<h3><a class=\"swipebox\" title=\"\" href=\"https:\/\/maybommini.com\/wp-content\/uploads\/2022\/07\/thong-tin-lien-he-may-bom-mini.jpg\" data-rel=\"lightbox-image-bGlnaHRib3gtaW1hZ2UtYkdsbmFIUmliM2d0YVcxaFoyVXRZa2RzYm1GSVVtbGlNMmQwWVZjeGFGb3lWWFJaYTJSelltMUdTVlZ0YkdsTk1tUXdXVlpqZUdGR2IzbFdXRkphWVRKU2VsbHRNVWRUVmxaMFlrZHNUazF0VVhkWFZscHFaVWRHUjJJemJGZFhSa3BQVm10V1ZrOVJQVDA9\" data-rl_title=\"\" data-rl_caption=\"\" data-rl_ target=\"_blank\" rel=\"noopener\"><img decoding=\"async\" class=\"size-full wp-image-270584 lazyloaded aligncenter\" src=\"https:\/\/maybommini.com\/wp-content\/uploads\/2022\/07\/thong-tin-lien-he-may-bom-mini.jpg\" sizes=\"(max-width: 750px) 100vw, 750px\" srcset=\"https:\/\/maybommini.com\/wp-content\/uploads\/2022\/07\/thong-tin-lien-he-may-bom-mini.jpg 750w, https:\/\/maybommini.com\/wp-content\/uploads\/2022\/07\/thong-tin-lien-he-may-bom-mini-300x202.jpg 300w, https:\/\/maybommini.com\/wp-content\/uploads\/2022\/07\/thong-tin-lien-he-may-bom-mini-600x405.jpg 600w\" alt=\"Thong Tin Lien He May Bom Mini\" width=\"750\" height=\"506\" data-lazy-srcset=\"https:\/\/maybommini.com\/wp-content\/uploads\/2022\/07\/thong-tin-lien-he-may-bom-mini.jpg 750w, https:\/\/maybommini.com\/wp-content\/uploads\/2022\/07\/thong-tin-lien-he-may-bom-mini-300x202.jpg 300w, https:\/\/maybommini.com\/wp-content\/uploads\/2022\/07\/thong-tin-lien-he-may-bom-mini-600x405.jpg 600w\" data-lazy-sizes=\"(max-width: 750px) 100vw, 750px\" data-lazy-src=\"https:\/\/maybommini.com\/wp-content\/uploads\/2022\/07\/thong-tin-lien-he-may-bom-mini.jpg\" data-was-processed=\"true\" \/><\/a><\/h3>\n","protected":false},"excerpt":{"rendered":"<p>Th\u01b0\u01a1ng hi\u1ec7u: MTM<br \/>\nModel: DC-JACK-250-FEMALE<br \/>\nLo\u1ea1i d\u00e2y \u0111\u00f4i \u0111\u1ecf \u0111en.<br \/>\n\u0110\u1ea7u Jack DC 5.5&#215;2.1 mm<br \/>\nC\u00f4ng su\u1ea5t t\u1ed1i \u0111a: DC 0-36V 5A<br \/>\nChi\u1ec1u d\u00e0i: 250mm &#8211; 25cm<br \/>\nCh\u1ea5t li\u1ec7u: \u0110\u1ed3ng &#8211; Nh\u1ef1a PVC<br \/>\nGi\u00e1 tr\u00ean l\u00e0 1 s\u1ee3i<br \/>\n<strong>Mua s\u1ed1 l\u01b0\u1ee3ng c\u00f3 gi\u00e1 t\u1ed1t<\/strong><\/p>\n","protected":false},"featured_media":278142,"comment_status":"open","ping_status":"closed","template":"","meta":[],"product_brand":[2227],"product_cat":[4821],"product_tag":[295,4822,3836,4824,4825,1996,4823],"class_list":{"0":"post-278137","1":"product","2":"type-product","3":"status-publish","4":"has-post-thumbnail","6":"product_brand-mtm","7":"product_cat-day-jack-nguon-dc","8":"product_tag-day-nguon","9":"product_tag-day-nguon-camera","10":"product_tag-day-nguon-dc","11":"product_tag-jack-5-5x2-1mm","12":"product_tag-jack-5-5x2-5mm","13":"product_tag-jack-dc","14":"product_tag-jack-nguon-dc","16":"first","17":"instock","18":"shipping-taxable","19":"purchasable","20":"product-type-simple"},"_links":{"self":[{"href":"https:\/\/maybommini.vn\/index.php?rest_route=\/wp\/v2\/product\/278137","targetHints":{"allow":["GET"]}}],"collection":[{"href":"https:\/\/maybommini.vn\/index.php?rest_route=\/wp\/v2\/product"}],"about":[{"href":"https:\/\/maybommini.vn\/index.php?rest_route=\/wp\/v2\/types\/product"}],"replies":[{"embeddable":true,"href":"https:\/\/maybommini.vn\/index.php?rest_route=%2Fwp%2Fv2%2Fcomments&post=278137"}],"wp:featuredmedia":[{"embeddable":true,"href":"https:\/\/maybommini.vn\/index.php?rest_route=\/wp\/v2\/media\/278142"}],"wp:attachment":[{"href":"https:\/\/maybommini.vn\/index.php?rest_route=%2Fwp%2Fv2%2Fmedia&parent=278137"}],"wp:term":[{"taxonomy":"product_brand","embeddable":true,"href":"https:\/\/maybommini.vn\/index.php?rest_route=%2Fwp%2Fv2%2Fproduct_brand&post=278137"},{"taxonomy":"product_cat","embeddable":true,"href":"https:\/\/maybommini.vn\/index.php?rest_route=%2Fwp%2Fv2%2Fproduct_cat&post=278137"},{"taxonomy":"product_tag","embeddable":true,"href":"https:\/\/maybommini.vn\/index.php?rest_route=%2Fwp%2Fv2%2Fproduct_tag&post=278137"}],"curies":[{"name":"wp","href":"https:\/\/api.w.org\/{rel}","templated":true}]}}